et o be ((-604)/n + -2)*(-18)/(-12). Let c = o + 257. What are the prime factors of c?
103
Suppose 4*w = 5*d - 93, w - 2 = 2*w. Suppose 18*b - 320 = d*b. List the prime factors of b.
2, 5
List the prime factors of (258 + -252)/((-3)/(-28731)).
2, 3, 61, 157
Suppose -m - 3*k = -7380, 6*m + 24*k = 27*k + 44385. What are the prime factors of m?
3, 5, 17, 29
Suppose 91*w - 596333 - 613603 = 0. What are the prime factors of w?
2, 3, 277
Let s = -61 - -59. Let t be -14 + -123 + (0 - (s + 1)). What are the prime factors of 3 - (2 + 1 + t)?
2, 17
Suppose 55*p + 6209 = 62*p. Suppose -42*c = -p - 21793. What are the prime factors of c?
2, 3, 5
Suppose 0 = 3*u + 2*y - 43, -3*u + 7*y = 5*y - 59. Let v(m) = m**3 - 17*m**2 + 9*m - 40. List the prime factors of v(u).
113
Let x(c) = -c**2 + 11*c + 7. Let w be x(0). Suppose 0 = w*m - 3979 + 1312. What are the prime factors of m?
3, 127
Suppose -279 = -7*j + 162. What are the prime factors of (-156585)/(-315) - 6/j?
7, 71
Let s = -67 - -71. Suppose 0 = -9*p - s*p - 1300. List the prime factors of 3/4 - (-5)/(p/(-2045)).
103
What are the prime factors of 42740/55 - (-1)/(-11)?
3, 7, 37
Suppose -3*z = -4*h - 18, 4*h + 3 = -3*z - 3. Suppose m + 0*m + 10 = z*y, 5*y - 26 = 2*m. Let d = y + 17. What are the prime factors of d?
23
Suppose -807 - 1538 = 5*z. Let r = -327 - z. Suppose 0*f + 2*p - r = -2*f, -248 = -3*f + 4*p. List the prime factors of f.
2, 19
Suppose 61*a - 100965 = -98*a. What are the prime factors of a?
5, 127
Suppose -5*q - 3*r - 30 = r, -4*r + 30 = -5*q. Let y(s) = -78*s - 29. What are the prime factors of y(q)?
439
Suppose -63*g + 3983 = r - 58*g, 4*r - 15932 = 5*g. What are the prime factors of r?
7, 569
What are the prime factors of ((-4)/2)/((-8)/49988)?
12497
Suppose 32*c + 12*c - 51184 = -12*c. List the prime factors of c.
2, 457
List the prime factors of ((-52135)/(-15) - 1) + (-9)/(-27).
5, 139
Let t(u) = 18*u + 29. Let x(z) = 47*z + 81. Let o(h) = -24*h - 41. Let d(r) = 7*o(r) + 3*x(r). Let s(m) = -5*d(m) - 7*t(m). List the prime factors of s(5).
2, 31
Suppose -10*x - 113 = -103. List the prime factors of (-4 - (x + -1)) + 338.
2, 3, 7
Suppose -115380 = -57*m + 21*m. List the prime factors of 1/((-1)/m*-5).
641
Let g be 3 - 0 - (-9)/(-6)*-80. Let o = -114 + g. What are the prime factors of (429/o + 2)*(-2 - -5)?
149
List the prime factors of 35572/8 + 12/8.
2, 139
Let i = 204 + -210. What are the prime factors of 6 - -205*(i - -7)?
211
Let t(i) be the second derivative of -13*i**3/2 - 117*i**2/2 + 69*i + 2. List the prime factors of t(-4).
3, 13
Suppose -2*h + 2364 = -5*k, 4*h + h + 5*k = 5875. Suppose 0 = -4*b + 5*c + h, -391 = -b + c - 96. Suppose b + 32 = 10*f. What are the prime factors of f?
3, 11
Let m(d) = -65*d - 9. Suppose 5*b + 49 = -4*k, k - 5*k + 3*b = 9. List the prime factors of m(k).
3, 127
Let i(x) = 11*x**2 - 14*x + 28. Let h be i(8). List the prime factors of (-2 - ((-102)/15 - -4))*h.
2, 31
Suppose 0 = -3*a - 3*a + 42. Suppose -a*l + 26 = 5. What are the prime factors of 2 - -94 - l/(-1)?
3, 11
Let l = -287 + 290. Let o(k) = -k**3 + 7*k**2 - 5*k + 15. List the prime factors of o(l).
2, 3
Let d = -147 + 180. Suppose d*c - 32*c - 444 = 0. Let s = -209 + c. List the prime factors of s.
5, 47
Suppose -p - 3*p - 4*r + 60 = 0, -5*p = -5*r - 75. Let t(z) = 4*z - 6 + p*z + 2*z - 3*z. List the prime factors of t(4).
2, 3, 11
Suppose -4*q = 4*q + q. Suppose -v + 3*m + 140 = q, -3*m = -v + 2*m + 134. List the prime factors of v.
149
Suppose -27418 + 87028 = -5*i - 3*x, -2*i + 5*x = 23813. What are the prime factors of (-6)/51 + i/(-17)?
701
Let s be (2/5)/(13/520). Let y = s - -72. Suppose 3*d - 5*d + y = 0. What are the prime factors of d?
2, 11
Suppose 5*p - 10184 = -y + 15663, 0 = y + 3*p - 25847. List the prime factors of y.
25847
List the prime factors of (-4015950)/60*6/(-5).
3, 41, 653
Let z = 300 + -213. Let w = z - 175. Let g = w - -146. List the prime factors of g.
2, 29
Let k = 130 + -29. Suppose -3*d + k = j - 155, -5*d + 428 = 3*j. What are the prime factors of d?
5, 17
Let o(s) = 5*s**3 + s**2 - 3*s + 2. Let d be o(1). Suppose -5*j = 4*h - 12 - 5829, d*j - 5837 = -3*h. What are the prime factors of j?
5, 233
Suppose 5*j = -17 - 3. Let q(g) = -4*g - 15. Let o be q(j). List the prime factors of 444/6 + o*-2.
2, 3
Let g(i) = 22*i**2 + 45*i + 16. List the prime factors of g(16).
2, 199
Let a be (-1 - 26/14)/((-46)/161). Suppose a*k - 12*k = 312. Let z = 297 + k. What are the prime factors of z?
3, 47
Suppose 0 = 2279*r - 2302*r + 505724. List the prime factors of r.
2, 23, 239
Let h(p) = 2*p**2 - 5*p - 7. Let a be h(4). Suppose -3*y - 378 = -3*o, 5*o - 338 = 2*o - a*y. Suppose -4*x - o = -497. List the prime factors of x.
2, 47
Let l be (4 + 290/5)*-1. Let j = l - -64. Let h(c) = 58*c + 6. List the prime factors of h(j).
2, 61
Suppose 0 = 4*s + 2*n - 3300, -1093 + 3568 = 3*s - 2*n. Let v = 1612 - s. List the prime factors of v.
787
Let n(h) = -5169*h - 1763. List the prime factors of n(-17).
2, 5, 79, 109
Let t = -8166 + 14021. What are the prime factors of t?
5, 1171
Let a = -5821 - -14992. What are the prime factors of a?
3, 1019
Let n be 0 - ((-12)/3 - -89). Let c = 169 + n. What are the prime factors of c?
2, 3, 7
Suppose -4*i = 2*w + 2504, -3*w - 7*i = -8*i + 3721. Let p = w + 2443. List the prime factors of p.
1201
Let j(l) = -7*l + 4. Let s be j(8). Let h = s - -54. Suppose 5*p + 169 = i, 7*i - 3*p - 845 = h*i. List the prime factors of i.
13
Let g = -41 + 44. Let z be (-3 + g)*(-2 - -1). What are the prime factors of 2 - ((2 - z) + -1*139)?
139
Let o be 1357/92 - (-3)/(13 + -1). Suppose 0 = -2*t - 4*h + 3 + 9, 0 = 4*h + 8. Suppose -o*c + 545 = -t*c. List the prime factors of c.
109
Suppose -6*n = -13*n + 1414. Let r = 788 - n. Suppose -2*w - h + 229 = -2*h, -r = -5*w - 2*h. List the prime factors of w.
2, 29
Let r(c) = 18 - 2 + 38 + c**2 - 4*c + 8. What are the prime factors of r(19)?
347
Let x(v) = -194*v - 4612. List the prime factors of x(-83).
2, 3, 5, 383
Suppose 947*g + 1344 = 959*g. Let j(h) = -2*h. Let i be j(-2). Suppose 2*m - 81 = -4*y + 127, -m + g = i*y. What are the prime factors of m?
2, 3
What are the prime factors of (75600/1764)/(3/((-2982)/(-4)))?
2, 3, 5, 71
Let h = -578 - -3033. What are the prime factors of h?
5, 491
Let j be (2 + (-2)/7)*(-756)/72. List the prime factors of j*(-15)/(180/176).
2, 3, 11
List the prime factors of 3 + (10135 - (4 + 3)) + -4.
13, 19, 41
Let u = -33 + 73. Let c be 3/(-2)*u/(-75)*-35. What are the prime factors of (4/c*-7)/(1/8)?
2
Suppose 90957 + 78171 = 18*s. Suppose 129*m = 141*m - s. What are the prime factors of m?
3, 29
Let q(b) = -b**3 - 5*b**2 - 5*b. Let u be q(-4). Suppose 12 = u*t - 0*t. Let g(c) = 2*c**3 + 5*c**2 - 3*c - 2. What are the prime factors of g(t)?
2, 11
Suppose l = t + 12727 - 1215, 0 = 4*l - t - 46039. What are the prime factors of l?
17, 677
List the prime factors of ((-18728462)/2095)/((-2)/5).
22349
Let q = -124 + 120. What are the prime factors of (q + 51/12)/((-1)/(-1132))?
283
Suppose -3*z + 1 - 13 = 0. What are the prime factors of 523 - (z - (1 + 0))?
2, 3, 11
Let l(j) = -j**3 - 24*j**2 - 20*j + 40. Let b be l(-23). Let y(f) = -f**3 - 27*f**2 + 40*f - 35. List the prime factors of y(b).
487
Suppose -61*g + 64*g = -5*j + 51578, 0 = 4*j - 2*g - 41258. List the prime factors of j.
5, 2063
Let i(r) = -5*r + 4*r - 2348 + 2385. Let y be -8*5/10 + -14. What are the prime factors of i(y)?
5, 11
Let n(v) = 2*v + 6. Let h be n(6). Suppose f = 2*f, -h = -2*d - 2*f. Suppose -d*w - 775 = -14*w. List the prime factors of w.
5, 31
Let o be 12/1*(2 + (-20)/12). Suppose -11*m + 15*m = 4*v + 1684, m = o*v + 406. List the prime factors of m.
2, 3, 71
Let a(o) = 284*o**3 - 11*o**2 + 6*o + 3. List the prime factors of a(4).
3, 2003
Let p(k) = -3*k**2 - 31*k + 14. Let t be p(-10). Suppose -t*o + o = -1472. What are the prime factors of o?
2
Suppose 0 = -5*x + 5*i + 20840, 719*x - 717*x = i + 8331. List the prime factors of x.
23, 181
Suppose -1476 - 2150 = j. Let u = -2455 - j. List the prime factors of u.
1171
Let n(q) = -107 - 67*q - 18 - 36 + 38. List the prime factors of n(-5).
2, 53
Suppose -32*d - 52380 = -5*p - 29*d, 2*p - 20943 = 3*d. List the prime factors of p.
3, 7, 499
Let m be -1*(-1)/2*2.